69 a prime number?
True
Is 359089 prime?
False
Is 435079 a prime number?
False
Is 31013 a prime number?
True
Is 137183 a composite number?
False
Is 337651 a composite number?
False
Is 311867 composite?
False
Is 797201 composite?
False
Is 3449 a composite number?
False
Is 54347 prime?
True
Is 28849 a prime number?
False
Is 14503 composite?
False
Is 2627 a prime number?
False
Is 809 composite?
False
Is 2153 prime?
True
Is 43117 a composite number?
False
Is 350881 a composite number?
False
Is 12571 composite?
True
Is 129433 a composite number?
True
Is 1309691 composite?
False
Is 75109 composite?
False
Is 142223 a prime number?
True
Is 573371 prime?
True
Is 124087 a composite number?
False
Is 6761 a composite number?
False
Is 228441 composite?
True
Is 563 composite?
False
Is 121 prime?
False
Is 71707 composite?
False
Is 6901 a prime number?
False
Is 65537 composite?
False
Is 31177 composite?
False
Is 518213 a composite number?
True
Is 14507 a composite number?
True
Is 14903 prime?
False
Is 14281 a composite number?
False
Is 5457599 composite?
True
Is 8135 a composite number?
True
Is 486529 a composite number?
True
Is 8923 prime?
True
Is 8434 composite?
True
Is 5209 a prime number?
True
Is 17903 a prime number?
True
Is 672794 prime?
False
Is 63241 a prime number?
True
Is 417899 prime?
True
Is 3299 prime?
True
Is 15527 prime?
True
Is 640093 composite?
True
Is 1397 prime?
False
Is 18713 composite?
False
Is 1729643 prime?
False
Is 6835 a prime number?
False
Is 88919 composite?
False
Is 622733 a composite number?
True
Is 228221 composite?
True
Is 21955 a composite number?
True
Is 646519 prime?
True
Is 24889 a composite number?
False
Is 328067 a composite number?
False
Is 27397 a composite number?
False
Is 50021 prime?
True
Is 768457 prime?
True
Is 186811 prime?
False
Is 26669 prime?
True
Is 1845713 composite?
False
Is 2309 a composite number?
False
Is 5834 a composite number?
True
Is 3833 a prime number?
True
Is 21874 a prime number?
False
Is 426511 a composite number?
True
Is 1147363 a composite number?
True
Is 293033 a composite number?
True
Is 96581 a composite number?
False
Is 180209 a composite number?
True
Is 18617 a composite number?
False
Is 125063 composite?
False
Is 31721 a prime number?
True
Is 67777 a composite number?
False
Is 16301 a composite number?
False
Is 77507 prime?
False
Is 22271 composite?
False
Is 28319 a prime number?
True
Is 28537 a prime number?
True
Is 49291 prime?
False
Is 6977 composite?
False
Is 1945 prime?
False
Is 585581 a composite number?
False
Is 13523 composite?
False
Is 4621 composite?
False
Is 17837 a composite number?
False
Is 4801 a prime number?
True
Is 80767 prime?
False
Is 7901 composite?
False
Is 729142 a prime number?
False
Is 19391 prime?
True
Is 1283015 a composite number?
True
Is 2819099 a prime number?
True
Is 1741 a composite number?
False
Is 1887565 a composite number?
True
Is 421489 a composite number?
True
Is 183109 prime?
False
Is 143911 a composite number?
True
Is 28073 a prime number?
False
Is 39659 a prime number?
True
Is 69051 prime?
False
Is 685 a composite number?
True
Is 267167 prime?
True
Is 155593 a composite number?
False
Is 17077 prime?
True
Is 462335 prime?
False
Is 17159 a prime number?
True
Is 25841 a prime number?
True
Is 18617 a composite number?
False
Is 995671 a prime number?
False
Is 10559 composite?
False
Is 2787743 prime?
False
Is 54947 prime?
False
Is 4327 a prime number?
True
Is 30631 composite?
False
Is 332393 a composite number?
False
Is 27847 a prime number?
True
Is 252698 composite?
True
Is 8327 prime?
False
Is 36323 a composite number?
True
Is 1277 a prime number?
True
Is 7115 composite?
True
Is 32089 a composite number?
False
Is 53231 prime?
True
Is 13841 a prime number?
True
Is 66499 a composite number?
False
Is 179497 composite?
False
Is 88463 a prime number?
True
Is 20477 a prime number?
True
Is 50069 a composite number?
False
Is 134957 a composite number?
True
Is 19121 a composite number?
False
Is 197761 composite?
True
Is 376819 a composite number?
False
Is 361111 prime?
True
Is 18947 composite?
False
Is 130423 a composite number?
False
Is 13367 a composite number?
False
Is 37331 prime?
False
Is 49663 a composite number?
False
Is 978323 prime?
True
Is 25337 a composite number?
True
Is 34543 prime?
True
Is 12301 a prime number?
True
Is 969999 a composite number?
True
Is 8315 composite?
True
Is 97981 prime?
False
Is 53987 prime?
True
Is 5813 prime?
True
Is 31387 prime?
True
Is 135249 a prime number?
False
Is 1777 a composite number?
False
Is 8518 prime?
False
Is 167711 composite?
False
Is 4997 prime?
False
Is 621521 a composite number?
False
Is 20261 a prime number?
True
Is 2819 a prime number?
True
Is 3163 prime?
True
Is 14435 a prime number?
False
Is 834181 a composite number?
False
Is 243769 a composite number?
False
Is 134605 a composite number?
True
Is 15117 composite?
True
Is 11657 prime?
True
Is 1094263 prime?
True
Is 7699 a composite number?
False
Is 143783 a prime number?
False
Is 128923 a composite number?
False
Is 1231327 prime?
False
Is 21081 prime?
False
Is 97 a composite number?
False
Is 14302 prime?
False
Is 197179 prime?
False
Is 38189 prime?
True
Is 14401 a composite number?
False
Is 859973 prime?
True
Is 23399 a prime number?
True
Is 54917 prime?
True
Is 882745 a composite number?
True
Is 16411 a composite number?
False
Is 3520183 a prime number?
True
Is 55109 composite?
False
Is 152003 a composite number?
False
Is 107339 a composite number?
False
Is 619351 a composite number?
True
Is 621743 a composite number?
True
Is 454011 a prime number?
False
Is 42121 a prime number?
False
Is 5287 a prime number?
False
Is 142397 prime?
False
Is 46333 prime?
False
Is 9953 a prime number?
False
Is 419695 a composite number?
True
Is 114877 prime?
False
Is 135869 a prime number?
False
Is 92203 prime?
True
Is 1487285 a composite number?
True
Is 1061 composite?
False
Is 1765 a composite number?
True
Is 1204069 a composite number?
True
Is 38543 a prime number?
True
Is 15935 a prime number?
False
Is 28711 a prime number?
True
Is 41341 a prime number?
True
Is 25391 a composite number?
False
Is 33457 a prime number?
True
Is 29789 a prime number?
True
Is 279821 prime?
False
Is 920131 composite?
True
Is 5305 a composite number?
True
Is 953399 prime?
True
Is 283051 a composite number?
False
Is 181813 a prime number?
True
Is 543011 a composite number?
True
Is 200569 a composite number?
False
Is 78757 a composite number?
True
Is 157823 prime?
True
Is 12347 a composite number?
False
Is 65279 a prime number?
False
Is 21419 prime?
True
Is 2240817 composite?
True
Is 10537 a composite number?
True
Is 15395 a composite number?
True
Is 12053 prime?
False
Is 3683 a composite number?
True
Is 3967 prime?
True
Is 1199417 a prime number?
True
Is 64871 prime?
True
Is 3245811 prime?
False
Is 531511 prime?
False
Is 1039 composite?
False
Is 12713 a composite number?
False
Is 86711 a prime number?
True
Is 4493 a composite number?
False
Is 11291 prime?
False
Is 472643 composite?
False
Is 30499 prime?
False
Is 399473 prime?
True
Is 3989 a composite number?
False
Is 115057 a composite number?
False
Is 617347 a prime number?
False
Is 47015 a composite number?
True
Is 81637 prime?
True
Is 366157 prime?
False
Is 87739 a composite number?
False
Is 15395 a composite number?
True
Is 5682293 prime?
True
Is 2437 prime?
True
Is 3943 a prime number?
True
Is 2157 prime?
False
Is 34571 composite?
True
Is 7597 prime?
False
Is 1949 a prime number?
True
Is 1639577 composite?
False
Is 277201 a composite number?
True
Is 4077817 a composite number?
False
Is 318503 a composite number?
False
Is 696665 composite?
True
Is 261011 a prime number?
True
Is 209089 prime?
True
Is 299967 a composite number?
True
Is 16649 prime?
True
Is 164309 prime?
True
Is 3668317 a composite number?
True
Is 2161 a prime number?
True
Is 319 prime?
False
Is 28639 a composite number?
True
Is 4711 a composite number?
True
Is 170219 a prime number?
False
Is 3763 a prime number?
False
Is 763426 prime?
False
Is 195911 a composite number?
True
Is 74653 prime?
True
Is 110395 composite?
True
Is 46381 prime?
True
Is 537707 prime?
False
Is 4541 composite?
True
Is 363313 prime?
True
Is 87109 prime?
False
Is 44633 composite?
False
Is 19003 composi